1
Suppose -8*g + 12*g - 584 = 0. List the prime factors of g.
2, 73
Suppose 4*h + 4*m - 4 + 0 = 0, 4*m - 7 = -h. List the prime factors of (2 - -3)*h*-4.
2, 5
Suppose -4*d + 300 = -0*d. List the prime factors of d.
3, 5
Suppose 5 - 4 = -g. List the prime factors of g*1*23/(-1).
23
Suppose 0 = 8*g - 6*g + 18. What are the prime factors of (22 + 2)*(-3)/g?
2
Let h(p) = -p**3 - 3*p**2 - p - 6. List the prime factors of h(-5).
7
Let t(w) = -w + 5. Let n be t(8). Let h(a) = a**2 + 2*a + 1. Let i be h(n). Suppose i*f = 71 + 9. What are the prime factors of f?
2, 5
Let t = 12 + -7. Suppose -t*o - 5 = 5. What are the prime factors of ((-3)/o)/((-1)/(-10))?
3, 5
Suppose -u + 39 = 3*f, 5*u - f = 3*f + 119. What are the prime factors of u?
3
Let w = 85 + 82. What are the prime factors of w?
167
Let l(v) = v**2 + 12*v - 33. List the prime factors of l(-16).
31
Suppose -136 = -4*d + 80. Suppose 2*a - 3*i - 2*i = 39, 5*a + 2*i - d = 0. What are the prime factors of a?
2, 3
Suppose 21 = -4*p + 5. What are the prime factors of (p - 0)/(1/(-2))?
2
Suppose 3*k = 7 + 185. List the prime factors of k.
2
Suppose -4*r + 19 = -1. Suppose -87 = -r*o - 22. What are the prime factors of o?
13
Let i(w) = -w + 9. Suppose -2*s = s + 4*k - 39, s + 4*k - 21 = 0. Let u be i(s). Suppose -11 = -b - u*b. List the prime factors of b.
11
Let t(k) = k**3 + 4*k**2 - 3*k - 4. Let g = -7 - -3. List the prime factors of t(g).
2
Let s(r) = r + 5. Let b be s(0). Let m = -11 + b. List the prime factors of 4/6*(-63)/m.
7
Let w = 6 - 4. Let v = -3 + w. What are the prime factors of 2 + v + -2 + 9?
2
Let n be ((-2)/6)/((-2)/66). Let c = n - 20. Let a = c - -20. List the prime factors of a.
11
Let w(v) = 3*v**2 + 3*v - 3. List the prime factors of w(-8).
3, 5, 11
Let a be 0 + (-1)/(-1) - -1. Suppose -5*b = 4*f - 1, 5*f - 29 = b + a*b. Suppose -f*g + 2*g = -6. What are the prime factors of g?
3
Let f be (-3 - 0)/(1/5). Let y be (15/(-4))/(36/(-192)). What are the prime factors of f/y + 15/4?
3
Let s(g) = -10*g - 2. Let i be s(-2). Suppose -3*c + 67 = -0*l - 5*l, -3*l - 46 = -2*c. Suppose -a + 3*u = a - i, 3*a = 5*u + c. List the prime factors of a.
3
Let l be (-12)/(-1)*8/16. Suppose -3*z + 2*c - 16 = -l*z, -4*z - c + 13 = 0. Suppose 7 = a - z. List the prime factors of a.
3
Suppose -4 = 4*w, -3*w = t + 1 + 1. Let z be (-1)/((-3)/21) - 2. Suppose t = 3*c - z. List the prime factors of c.
2
Let n = -24 - -50. What are the prime factors of n?
2, 13
Suppose -3*u + 19 = -2*u. Let o(t) = -t**3 + 6*t**2 + t - 6. Let l be o(6). Suppose l = z + 5 - u. What are the prime factors of z?
2, 7
Suppose -3*y + 25 = -5*s - 5*y, -2*s = -2*y - 4. List the prime factors of ((-5)/s)/((-1)/(-18)).
2, 3, 5
Suppose 36 - 11 = 5*o. What are the prime factors of (o + -8)/(3/(-15))?
3, 5
Let w(l) = -l**3 + 6*l**2 + 8*l - 6. Suppose -34 = -2*o + 5*i, -4*i - 25 = -o - 2. Let y be w(o). List the prime factors of (2 - y)*(10 + 1).
11
Suppose -90 - 350 = -5*q. What are the prime factors of q?
2, 11
Suppose -15*b - 22 = -13*b. Let c(l) = l**2 + 9*l - 4. What are the prime factors of c(b)?
2, 3
Suppose -13 = 2*b - 3. Let n(j) = -j**2 - 8*j - 7. What are the prime factors of n(b)?
2
Suppose 0 = 9*a - 2*a - 2345. List the prime factors of a.
5, 67
List the prime factors of 1*-1*(-22 + -21).
43
Let b(z) = 8*z + 2*z**2 + 0 - 6*z + 2. Let x be b(-3). Suppose 0 = -3*o - 12, -2*o + x = -u - 7*o. What are the prime factors of u?
2, 3
Let w = 154 - -124. List the prime factors of w.
2, 139
Let o(c) = c + 16. List the prime factors of o(-13).
3
Suppose 0 = v + 3*v. Suppose 3*i = 2*k + k, -2*i + 6 = v. What are the prime factors of 12/(-6)*k/(-2)?
3
Suppose 4*f - 9*f = -60. Suppose 3*t + f = t. What are the prime factors of (-5 + 2)/(t/4)?
2
Let s(p) = -p**3 - 11*p**2 - 11*p - 5. Let a be s(-10). Suppose -a*q + 105 = -35. What are the prime factors of q?
2, 7
Suppose -4 = 5*l - 29. Let t(a) = -1 - l*a + 0 + 0. What are the prime factors of t(-1)?
2
Suppose 2*l - 9 = -1. Let w = -8 + 9. What are the prime factors of (l/6 - w)*-6?
2
Suppose 33 = 4*u - 4*h - 127, -5*u - 4*h = -182. Let k = u - 22. What are the prime factors of k?
2
Suppose -2*h + 0*h = -36. List the prime factors of h.
2, 3
Suppose r + 3 = 3*w, 2*r - 3 = -3*w - r. What are the prime factors of (0 + w)/((-6)/(-12))?
2
Let c be 3/(9/(-105)) + 0. Let y = 10 - c. Suppose -5*w = -0*w - y. List the prime factors of w.
3
Let b = -7 + 3. List the prime factors of (-52)/(-10)*(1 - b).
2, 13
Suppose 312 = -2*w + 5*w. Let v be w/(-6) + (-2)/3. List the prime factors of (v/(-15))/(9/30).
2
Suppose s + 2 = 1. Let c be (-2 + s)*(-4)/6. Suppose 5*j = 4*d - 60, d - c*j + j = 14. List the prime factors of d.
2, 5
Suppose -11*f + 992 = -3*f. What are the prime factors of f?
2, 31
Suppose -33 = -2*g + 5*z, 0*g - g = 3*z - 44. List the prime factors of g.
29
Suppose -i + 6*i + 20 = 3*t, 8 = 4*t - 2*i. Suppose 2*a - 2*z = -t*z, 2*z = 3*a. Let x = 5 - a. List the prime factors of x.
5
Suppose 0 = j - 4*j - 9, 15 = g - 4*j. Suppose g*a + a - 72 = 0. List the prime factors of a.
2, 3
Let m(i) be the first derivative of i**3/3 + 5*i**2 + 2. Let u be m(-9). What are the prime factors of u/(-4)*8/2?
3
Suppose -154 = 3*q - a - a, 4*q - 4*a + 212 = 0. What are the prime factors of (q/40)/(3/(-20))?
2
Let z be ((-2)/3)/(6/(-27)). Suppose r + z*m = 8*m - 5, 4*m = r + 2. What are the prime factors of r?
2, 5
List the prime factors of (21/14)/(2/4).
3
Suppose -3*a + 2*a = 5*b + 13, 2*b = -5*a + 27. List the prime factors of a.
7
Suppose 0 = 2*g - 1 - 3. Suppose -3*a = g*a - 25. List the prime factors of a.
5
What are the prime factors of ((-6)/9)/((-4)/102)?
17
Let x(a) = a**2 + 4*a + 3. Suppose -3*q - 14 + 5 = 0. Let m be x(q). Suppose 3*t = 9 - m. What are the prime factors of t?
3
Let k = 59 - 32. Let r be (30/(-25))/(2/(-5)). Suppose -r*d = -6*d + k. What are the prime factors of d?
3
Let a(k) = k**2 - 5*k - 2. List the prime factors of a(7).
2, 3
Let r(o) = o**3 - 4*o**2 - 5*o + 2. Let g be r(5). Suppose -5 = -5*b, g*b - 93 = -5*f - b. List the prime factors of f.
2, 3
Let q(j) = -j + 1. Let n be q(-5). Let f(y) = -6 + n + y + 1. What are the prime factors of f(4)?
5
Let t = -5 + 9. Suppose 2*v - t = 18. List the prime factors of v.
11
Let z be -1 + 86*(-3)/(-3). Suppose a = -3*y + 39, 4*a - 26 = 3*y + z. List the prime factors of a.
2, 3, 5
Suppose d - 29 - 30 = -2*r, -152 = -5*r - 4*d. List the prime factors of r.
2, 7
Suppose -j = -2 + 4. Let z(f) = f**2 + 2*f + 1. Let g be z(j). What are the prime factors of (-3)/(-6)*g*26?
13
List the prime factors of (-27)/36*(1 + -41).
2, 3, 5
Let r(p) = -p**2 - 7*p - 5. Suppose 5*a - 61 = 69. Suppose -4*v + t = 3*t + a, 0 = -3*v + 4*t - 3. What are the prime factors of r(v)?
5
Let o = 0 - -5. Suppose -5*t - 4 = -j - 2*j, 2*t = 4*j + 4. Let y = o - t. List the prime factors of y.
7
Suppose -4*r + 296 = -2*z, 2*z = r + 2*r - 223. Let m = -48 + r. What are the prime factors of m?
5
What are the prime factors of -8*(1 + (-19)/2)?
2, 17
Suppose 9 = 3*u - 2*u + h, 0 = 5*u + 4*h - 40. Suppose 0 = u*k - 67 - 105. List the prime factors of k.
43
Let h(w) = w + 3. What are the prime factors of h(1)?
2
What are the prime factors of ((-444)/(-10))/((-2)/(-10))?
2, 3, 37
What are the prime factors of (-2240)/(-28)*(-1 - -2)*1?
2, 5
Let z(o) be the second derivative of o**3/3 + o**2/2 - 3*o. List the prime factors of z(3).
7
Let z be (9/(-6))/(1/(-2)). Let r(x) = -x**2 + 4*x + 5. Let a be r(5). What are the prime factors of (z - a)*(-30)/(-9)?
2, 5
Suppose 50 = 2*z + 5*b, -2*z + 3*b + 100 = 2*z. List the prime factors of z.
5
Let k(i) = 7*i + 1. Let b be k(-1). What are the prime factors of (-64)/(-3) + (-4)/b?
2, 11
Let d be (4/(-5))/((-8)/20). Let q(b) = -b**2 + 0*b**d + 2*b**2. What are the prime factors of q(2)?
2
Let j(k) = k**3 - 7*k**2 + 7*k + 2. Suppose 3*g + 0 = 30. Let s be g*(-4)/((-40)/6). List the prime factors of j(s).
2
Let j(h) = -h. Let t(o) = -5*o + 1. Let g(m) = 3*j(m) - t(m). Let i be g(-5). Let f = -7 - i. List the prime factors of f.
2
Let h(o) = -o**2 + 29. Let d be (1 + -1)*3/(-6). List the prime factors of h(d).
29
Suppose 18*s = 3*s + 3375. List the prime factors of s.
3, 5
Let j(r) = 29*r + 7. List the prime factors of j(3).
2, 47
Let j = -2